vative of 5*n**4/24 - n**3/2 - 2*n**2. Determine u(w).
-18
Suppose -7*q = -2*q. Suppose h + 5*g = -4*h + 50, -41 = -4*h - 5*g. Let i(r) = -1 + 6 - r**3 + r - h. Determine i(q).
-4
Suppose 31*p = p - 150. Let w(c) = -c**3 - 6*c**2 - 6*c + 1. Give w(p).
6
Let c(q) = q - q**2 - 10*q + 2*q**2 + 9 + 13*q. Give c(-7).
30
Let h(o) = o - 2. Let m = 11 - 7. Let b be h(m). Let f(r) be the first derivative of -r**4/4 + 2*r**3/3 - r**2/2 - r - 126. Calculate f(b).
-3
Let g(x) = x**2 - 22*x - 25. Let f(q) = 6*q**3 - 16*q**2 + 3*q - 4. Let r be f(3). Give g(r).
-2
Let n(x) = -x. Let i(c) = 3*c + 3. Let l(g) = -i(g) + 3*n(g). Let m(r) = r + 1. Let k(w) = -l(w) - 2*m(w). What is k(-1)?
-3
Suppose 20 = -5*b + 65. Suppose 10*o = b*o. Let i(g) = g**2 - 6. What is i(o)?
-6
Let s(n) = -n**2 + n - 2. Let c = 24 - 21. Let t be (5 + -5)*c/6. Determine s(t).
-2
Let j(o) = -o**2 + 8*o + 1. Suppose -p + 5*i - 11 = 0, 4*p - 10 = 3*i + 14. Give j(p).
-8
Let f(j) = j - 7. Let s be -4*(4/(-1) - 0). Suppose 3*g + s = -4*d, -3*g - 2*d + 0 = 8. Determine f(g).
-7
Let o(g) be the first derivative of 5*g**2/2 + 32*g - 381. Determine o(-7).
-3
Suppose 0 = 2*x + 4*w - 0*w + 8, 0 = -3*x - 2*w + 4. Let y(z) = 2*z**2 - x*z**2 + 1 - 7*z**2 + z**2 + 2*z. Let k = -74 - -73. Determine y(k).
-9
Let m(c) = c + 1. Let z(y) = -3 + 1 - 1. Let i(o) = 5*m(o) + z(o). Let v(f) = 11*f + 5. Let p(w) = 5*i(w) - 2*v(w). Determine p(-2).
-6
Let c(l) = -3*l**2 + l - 2. Let x(n) be the second derivative of n**4/12 + n**3/6 + 7*n. Let b(u) = -c(u) - 2*x(u). What is b(4)?
6
Let o(b) = 9*b + 3. Let d(f) = f. Let m(k) = -6*d(k) + o(k). Suppose -44*j = -36*j + 16. Let c be m(j). Let g(v) = -2*v + 2. Determine g(c).
8
Let l(p) be the second derivative of p**4/12 - 5*p**3/3 + 11*p**2/2 + 18*p. Let m be (-1 - 19)*(15/25 + -1). What is l(m)?
-5
Let u = 28 - 30. Let j be ((-6)/3)/(u/(-1)). Let l(r) = -12*r - 11. Let d(f) = 3*f + 3. Let c(i) = 22*d(i) + 6*l(i). Determine c(j).
6
Let t(d) = -d**3 - d + 1. Let s(o) = 3*o + 8. Let m be s(-2). Let c = 3 - m. Calculate t(c).
-1
Let r = 69 - 100. Let l = r + 36. Let t(d) = -2*d**2 + 6*d + 5. Determine t(l).
-15
Let o(b) = -b**3 + b**2 + 4*b - 6. Let u(w) = -w. Let i(h) = o(h) - 3*u(h). Calculate i(3).
-3
Let m(h) = 4*h**3 + 2*h**2 - 2*h + 1. Suppose w + 5*l - 5 = -14, 0 = w - 4*l - 9. Give m(w).
5
Let c = -1135 - -1143. Let l(o) = 2*o**2 - 17*o + 6. What is l(c)?
-2
Let r(d) = 16*d + 3. Suppose 2*w + 6*w + 16 = 0. What is r(w)?
-29
Let v = 5 + -5. Let s(r) = -r + 11. Let f be s(8). Let u be 2 + -3 - (v + f). Let c(m) = -m**2 - 3*m + 4. What is c(u)?
0
Let h = 5 + -5. Let g be (1 + 1)/(0 + 1). Let f(i) = -7 + 3*i - i**2 - 1 - g*i + 2. Calculate f(h).
-6
Let h be (-216)/(-60)*10/6. Suppose -7 = -3*p - 1. Let j(i) = 5*i**2 + 0*i**2 + 4*i**p + 6 - 3*i**2 - i**3. Determine j(h).
6
Let a(i) = i**3 + 4*i**2 - 22*i + 1. Let r be a(-7). Let y(l) = l**2 - 8*l - 2. What is y(r)?
-2
Suppose 4*j = -2*a + 14, -j = 3*a - 2*j + 7. Let t(u) = 29*u**3 + 2*u + 1. Give t(a).
-30
Let c(h) be the second derivative of h**5/120 + h**4/4 - 4*h**3/3 - h**2/2 + 25*h - 1. Let b(t) be the second derivative of c(t). Determine b(0).
6
Let k(a) = 7*a**2 + 9*a - 3. Let v = -4 - -3. Let b(o) = -o**2 - o + 1. Let f(z) = v*k(z) - 6*b(z). Let p(i) = -2*i - 5. Let g be p(-1). What is f(g)?
-3
Let o(d) = 7*d**3 + 7*d**2 + 2*d + 8. Let r(p) = -38*p**3 - 36*p**2 - 9*p - 39. Let h(n) = 11*o(n) + 2*r(n). What is h(-4)?
10
Let v(h) be the second derivative of h**4/12 + 3*h**2/2 - h + 199. Let o be 1/(-2)*0/(-4). What is v(o)?
3
Let p = 7 + -5. Suppose -3*a + 29 = p*c, 0 = 2*a + c - 7 - 11. Let y(o) = 2*o - 9. Give y(a).
5
Let v(l) = -3. Let m(k) = k + 1. Let c(t) = -5*m(t) - v(t). Suppose 4*d = 4*h - 8, 4*d - 3*h + 7 = -5. Let f(u) = -4*u - 22. Let j be f(d). Give c(j).
-12
Let g be 0 + -3 - (-7)/(-4 - 3). Let i(j) = -6*j + 1 + 3*j + 1. Give i(g).
14
Let i be (1/2)/(1/24). Suppose -2*x - 5 = -z, 2*x - 2*z = -3*x - i. Let f(c) = -4*c**2 - 3*c - 3. Let w(s) = s**2 - s. Let m(k) = f(k) + w(k). Calculate m(x).
-7
Let k(c) = 761 - 765 + 12*c + 0*c - c**2. Calculate k(11).
7
Suppose -8*z + 4*z = -12. Let r(f) = -f - 2*f**z - f**2 + 3 + 3*f**3 - 3*f + f. Let t = 10 + -8. What is r(t)?
1
Let i(v) = -5*v + 4. Let k(a) = -a. Let m(y) = -i(y) + 4*k(y). Suppose 0 = 2*l + 5*c - 36, 5*c - 4 = 4*l - 2*l. Calculate m(l).
4
Let g(p) = 865 + p**2 + 4*p - 2*p**2 - 2*p**2 - 867. Determine g(4).
-34
Let l(h) = 6*h - 22. Let m(d) = -6*d + 21. Let i(q) = -3*l(q) - 4*m(q). Give i(4).
6
Let v = -31 - -41. Let p(o) = -3 - 3*o + o**2 + v*o**2 + 8*o**2 - 18*o**2. Determine p(5).
7
Let v be 7 - 1 - (21 + -32). Let c(i) = i**2 - 16*i - 14. Calculate c(v).
3
Let g(n) = -4*n**2 - 5 + 2 - 6*n + 3*n + 1 - n**3. Let c be g(-3). Let m(t) = t - 1. Let l(q) = q**3 + 3*q - 2. Let z(r) = -l(r) + 3*m(r). What is z(c)?
7
Let t(i) = -1 + 4*i**2 - 3*i**2 - 8*i**3 + 17*i**3 - 3*i - 6*i**3. Determine t(-2).
-15
Suppose i - 17 = 5*v, 3*i - 2*v = 6*i. Suppose 0 = 2*g - i*g + 8*g. Let s(m) = m**3 + m**2 - m - 6. Give s(g).
-6
Let t(u) = 8*u - 1. Let b(y) = 2*y - 6. Let a be b(9). Let i be 16/a - 14/6. Calculate t(i).
-9
Let k(c) = 4*c**3 + 2*c**2 - 2*c + 1. Let b(a) be the third derivative of -a**5/30 - 11*a**4/24 + 7*a**3/6 + 4*a**2. Let u be b(-6). Determine k(u).
5
Let x(r) be the second derivative of 15*r - 1/12*r**4 - 1/6*r**3 - 1/20*r**5 + 0 + 6*r**2. Calculate x(0).
12
Let i(o) be the second derivative of o**5/20 + 5*o**4/12 + 2*o**3/3 - o**2/2 - 140*o + 1. Give i(-4).
-1
Let f(h) be the third derivative of -h**4/24 - 5*h**3/6 - 2321*h**2. Let z(t) = -t**3 + 6*t**2 - 3*t - 5. Let m be z(5). Give f(m).
-10
Let u(v) = 9*v + 51. Let b be u(-5). Let z(h) = -3 + h**3 - 4*h - 1 - 7*h**2 + 12*h. Determine z(b).
8
Let y be (0 - 1)/(1/(-15)). Let h be 2*2 + y/(-5). Suppose u + 4 = 3*f, -3 = 3*u - 4*f - h. Let v(x) = -2*x**3 + 2*x. What is v(u)?
-12
Let o(q) = q**3 - 3*q**2 - 4*q + 4. Let t(i) = -i**2. Let y(x) = -4*x**2 + 20*x - 47. Let w(k) = -3*t(k) + y(k). Let v be w(17). Determine o(v).
4
Let p(h) be the first derivative of -h**4/4 + 2*h**3/3 - h**2 + h - 382. Give p(1).
0
Let d(z) = -2*z**2 + 11*z - 7. Let g(p) = p**2 + 19*p - 37. Let s be g(-21). What is d(s)?
-2
Let d be (7/(-2) + 1)/((-4)/8). Let v(o) = -o**2 + 6*o - 7. Give v(d).
-2
Let y(b) = -1 - 6 + 0*b - 4*b + 5*b + 0*b. Calculate y(11).
4
Let t(c) = c**2 - c. Let s(z) = 0*z - 20*z**2 + 3*z - 1 + 7*z**2 + 2*z. Let r(m) = s(m) + 5*t(m). Give r(-1).
-9
Let z be 18/(-4)*6/(-9). Let d(g) = 32 - 25 + 25*g + 15*g**3 - 20*g. Let p(f) = -7*f**3 - 3*f - 4. Let i(c) = z*d(c) + 5*p(c). What is i(1)?
11
Let v(a) be the third derivative of -a**8/20160 - a**7/720 - a**6/120 + 11*a**5/60 + 13*a**2. Let g(c) be the third derivative of v(c). Calculate g(-4).
6
Let s(g) = 2*g**2 - 17*g + 20. Let y(u) = 2*u**2 + 19*u - 26. Let x be y(-11). Calculate s(x).
-1
Let j(i) be the first derivative of i**5/60 + i**4/24 - i**3/6 + 6*i**2 - 1. Let s(k) be the second derivative of j(k). Suppose 3*f - 4 = -1. Determine s(f).
1
Let q(i) be the third derivative of 2/3*i**3 - 3*i**2 + 1/24*i**4 + 0 + 0*i. Let v = -8 + 11. Give q(v).
7
Let g(j) = 26*j**2 + 36*j + 20. Let p(a) = -5*a**2 - 7*a - 4. Let z(x) = -3*g(x) - 16*p(x). Suppose -5*l = c + 19, -2*l - 5*c - 23 = -l. Calculate z(l).
10
Let t(k) = k**3 - 7*k**2 + 9*k - 6. Suppose -6 = a - 2*a. Suppose 0 = 10*v - a*v. Suppose 4*l + y - 3 - 17 = v, l - 4*y = 22. Determine t(l).
12
Let m(u) = -u**2 + 7*u - 6. Let z be m(4). Suppose -3 + 22 = 4*k - 3*l, 6 = k - l. Let n(j) = j - 7. Let a(f) = -1. Let h(g) = k*n(g) - 3*a(g). Calculate h(z).
2
Let p be (-25)/(-10) - 6/(-4). Let k(d) = -2*d - 2*d - p - 7*d**2 + 8*d**2. Give k(5).
1
Suppose 0*j + 12 = 4*j. Suppose 0 = -0*v - j*v. Let a(o) = -o + 10 + 2*o + v*o + 0*o. What is a(0)?
10
Let u(p) be the second derivative of p**5/20 - p**4/12 - 4*p**2 - 5*p. Let x(v) = -10*v - 10. Let r be x(-1). What is u(r)?
-8
Let t be (4/(-18) + 32/63)*-7. Let k(o) = 2*o**2 + 4*o + 5. Give k(t).
5
Let y(k) = k**3 + 4*k**2 + 3*k + 1. Suppose 6*z + 10 = 2*z + 2*v, 4*z = -v - 19. What is y(z)?
-11
Let g(d) = -d + 7. Suppose -2*u + 6*u + 580 = 0. Let x = u - -82. Let y be x/(-35)*10/3. What is g(y)?
1
Let m(j) = 7*j**3 - 17*j**2 + 3*j - 22. Let t(x) = 9*x**